ppose 35740 = 17*n - 18949. List the prime factors of n.
3217
Suppose 0 = -b + 3*w + 18912, 7*w = -5*b + 10*w + 94512. List the prime factors of b.
2, 3, 5, 7
Let o be (-65)/(-13)*((-2 - -1) + 2). Suppose j - 332 = -0*j + o*a, -4*a - 331 = -j. List the prime factors of j.
3, 109
Let y(u) be the first derivative of u**4/4 + 2*u**3 + 7*u**2/2 - 2*u + 7. Let l be y(-4). Suppose -l*m + 60 = -16. What are the prime factors of m?
2, 19
Let s(c) = -1108*c - 1853. List the prime factors of s(-8).
3, 19, 41
Let y(z) = z**2 - 3*z - 12. Suppose -4*w - 4*x = -2*w, 2*w + 3*x = 4. Let k be y(w). Suppose 27*d + 50 = k*d. List the prime factors of d.
2, 5
Suppose -2*p - q = -73, 56 = 3*p + 3*q - 55. What are the prime factors of (-5690)/(-15) - p/27?
2, 3, 7
Let m(t) = 2*t - 10. Let a be m(4). Let p be 1 - (-9)/6*a. What are the prime factors of 2 - (-90 - (0 + p))?
2, 3, 5
Suppose -99 + 39 = -6*s. Let i(t) = 38*t + 30. What are the prime factors of i(s)?
2, 5, 41
Suppose f = 4, 4*f = -3*y - 1260 + 7294. What are the prime factors of y?
2, 17, 59
Let o(t) = -20*t + 53 + t**3 - 3*t**2 + t**2 - 76 + 49 - 2*t**2. List the prime factors of o(8).
2, 61
List the prime factors of 1626592/56 - (-52)/(-182).
2, 3, 47, 103
Suppose -8*x + 4*x + 4 = 0, 2*t + 3*x = 19. Let m(l) = -l**2 - 6*l - 3. Let r be m(-5). List the prime factors of (1 - -1) + t - (0 - r).
2, 3
Suppose 31 = -2*g + 3*g + 5*y, -4*g - 3*y + 141 = 0. Let h be 19/3 - (-24)/g. What are the prime factors of (-100)/(-175) - (-584)/h?
2, 3, 7
Let o = -236 + -116. Let j = o + 646. List the prime factors of j.
2, 3, 7
Let d(y) = 2*y - 8 + 0*y - 5*y**3 - 6 - 18*y**2 + 3*y + y. List the prime factors of d(-7).
3, 7, 37
Let o(a) = 3*a**2 - 2*a + 2. Let h be o(1). Suppose 3*q = -h*w + 36, 2*w + 16 = 5*q - 9. Suppose -3*m + q = -2*m. What are the prime factors of m?
7
Suppose -4*p - 5*z = -1792, p - 439 = -0*p + z. Suppose 1202 = 3*r + p. List the prime factors of r.
11, 23
Let l(q) = -2*q**2 + 2*q - 1. Let k(r) = 3*r**2 + 6*r - 4. Let a(h) = -k(h) - 2*l(h). Let z be -12 - (3 - 3) - 1. What are the prime factors of a(z)?
5, 61
Suppose 103*o - 99*o - 8 = 0. What are the prime factors of (2 - o/(-2)) + -1 + 233?
5, 47
Suppose -3*q - 5*j - 9 = 0, -2*j - 13 = 4*q - 15. List the prime factors of ((-1127)/(-14) - 4)*q.
3, 17
Suppose -9*q - 66 - 15 = 0. Let g(f) = -33*f - 2. What are the prime factors of g(q)?
5, 59
Let s = -9201 - -14603. List the prime factors of s.
2, 37, 73
Let j(v) = -33*v - 40. Let z be j(31). Let r = -155 - z. List the prime factors of r.
2, 227
Let t be 10 - (-2 - -1)/(-2 + 1). Suppose v - 5 = -2*f - 2, -f + t = 2*v. Suppose 0 = v*o + 5*p - 1150, -2*p - 25 = 3*p. List the prime factors of o.
5, 47
Let x be -2*((-8)/60 + 3082/(-60)). Let i = 171 - x. Suppose l = i + 61. What are the prime factors of l?
3, 43
Let j(m) = 205*m + 1482. List the prime factors of j(15).
3, 7, 31
Suppose -4*d - 2 = 2, y + 3*d + 3 = 0. Suppose y = 4*g - 5*i + 8*i - 1416, 4*i - 698 = -2*g. What are the prime factors of g?
3, 7, 17
Let o(y) = 36*y**3 - 9*y - 8. Let t be o(-1). Let z(w) = -21*w - 314. What are the prime factors of z(t)?
421
Suppose -3690 = -17*v + 2*v. Suppose 3*l + 306 = 5*a, -v = -4*a + 7*l - 4*l. List the prime factors of a.
2, 3, 5
Let j(p) = p + 1. Let d(w) = -2 - 1 + 2*w - 2 + 6. Let n(c) = -2*d(c) + 3*j(c). What are the prime factors of n(-5)?
2, 3
Let h(l) = 94*l**2 - 2*l + 103. What are the prime factors of h(9)?
7699
Suppose 0 = -p - 9*p + 40. Suppose 3*l - 3*x - 485 = -47, p*l = 2*x + 592. List the prime factors of l.
2, 3, 5
Suppose -3*x = 0, 559 = i + 2*x - 0*x - 2958. What are the prime factors of i?
3517
Suppose -2*i = -r + 3820, 4*i - 5*r + 967 = -6673. Let z = i + 3606. What are the prime factors of z?
2, 53
Suppose -4*t + 5*t - 38 = 0. Let g = t - 36. What are the prime factors of g/4*-8 - -88?
2, 3, 7
Let w(q) = 89*q**2 + 2 + 27*q - 43*q + 8. What are the prime factors of w(4)?
2, 5, 137
Let v be 3306/10 + 3/(-5). Let g be 2 + (v - (-5 + 5)). Suppose 105 - g = -z - 5*r, 3*z - 626 = -4*r. What are the prime factors of z?
2, 101
Let b = -268 + 272. Suppose 0*c + c - 323 = 5*f, 3*f - 1269 = -b*c. What are the prime factors of c?
2, 3, 53
Suppose n - 4*q - 1 + 13 = 0, -3*n + q + 8 = 0. Let x be 1955/n + 3/12. What are the prime factors of 1/(-3)*(6 - x)?
7, 23
Suppose 91 = 8*y + 51. Suppose 0 = z + 2*k - 212, -3*k + y*k + 636 = 3*z. List the prime factors of z.
2, 53
Let p(d) = -304*d - 44. Let k be 240/96*(-4)/5. What are the prime factors of p(k)?
2, 3, 47
What are the prime factors of 4853449/357 - (-2)/(-21)?
5, 2719
Suppose -4*c = -6*c + 122. Suppose -56*x + c*x = 1500. List the prime factors of x.
2, 3, 5
Suppose -340044 = -34*g + 159450. List the prime factors of g.
3, 59, 83
Suppose -2*y + 29 = 25. Suppose 0 = a + 2, 595 = 3*i + y*i - 5*a. List the prime factors of i.
3, 13
Let p be 1 - -5 - (3*-10 - 6). What are the prime factors of 71060/77 + (-36)/p?
2, 461
Let f be (((-5)/(-2))/((-4)/2152))/(-1). Let c = 1975 - f. What are the prime factors of c?
2, 3, 5, 7
Suppose 3*c - 1 = 4*v, -2*v - 5 = -9. Suppose 2*y - 1039 = -y - n, c*n = -5*y + 1729. List the prime factors of y.
347
Let p(b) = 2*b + 23. Let k be p(-6). Suppose -k*g = -6*g - 300. List the prime factors of -3*(6/8 + (-5165)/g).
2
Let c(v) be the third derivative of 17/6*v**3 + 0 + 0*v + 7*v**2 + 1/8*v**4. List the prime factors of c(15).
2, 31
Suppose -2*c = -25*c + 27531. List the prime factors of c.
3, 7, 19
Suppose 0 = -6*m + 31 + 5. Suppose -5*w - 276 = -2*h, 2*w + m*h = h - 93. Let t = 172 + w. What are the prime factors of t?
2, 59
Suppose -945 = -5*y + z, -3*y - 4*z + 283 + 261 = 0. Let j be 6/21 + 584/14. Let q = y + j. What are the prime factors of q?
2, 5, 23
Let s(z) be the second derivative of -33*z**3/2 + 21*z**2 - 163*z. What are the prime factors of s(-3)?
3, 113
Let h = 241 - 377. Let y = 300 + h. Suppose 3*s = 5*s, 2*v - y = 5*s. List the prime factors of v.
2, 41
Let o(v) = -320*v - 2333. What are the prime factors of o(-56)?
11, 13, 109
Suppose 12*n + 576 = 8*n. Let t = 243 + n. Let v = t - 59. List the prime factors of v.
2, 5
Suppose 180*d - 175*d = 8795. Suppose -4345 = -5*h - 5*j, 6*h = 8*h - 5*j - d. What are the prime factors of h?
2, 109
List the prime factors of (-5805)/430*8612/(-3).
2, 3, 2153
Suppose -25*a - 14004 = -4*m - 27*a, 0 = -17*m - a + 59517. What are the prime factors of m?
3, 389
Let f = 48 + -45. Suppose -f*n + 7*n = 0. List the prime factors of 6 + -6 - (0 - n) - -7.
7
Let z(g) = 2*g**2 - 24*g + 5. Let n be z(14). What are the prime factors of n/(-122)*(1 - 1577)?
2, 197
Let h = 30401 + -21288. List the prime factors of h.
13, 701
Let y(h) = -630*h + 514. What are the prime factors of y(-21)?
2, 859
Let v(f) = f**2 - 17*f + 20. Let a be v(16). Let h be (-17)/(((-1)/a*-4)/(-1)). Suppose 0 = -15*u + h*u - 406. What are the prime factors of u?
7, 29
Let z(a) = a**3 + 6*a**2 + 9*a + 7. Let w be z(-4). Let p = w - -1. Suppose -2*g - 136 = -p*g. List the prime factors of g.
2, 17
Suppose 38*p - 4365 = 35*p. Let y = p - 43. What are the prime factors of y?
2, 353
Suppose 4*b - 90 = -5*b. Let p(t) = 2*t**2 + 18*t - 7*t**2 + 4*t**2 + 5. What are the prime factors of p(b)?
5, 17
Let l = 65 + -79. Let t = 125 + l. Let b = t - 67. List the prime factors of b.
2, 11
Let o(p) = 50*p**2 - 27*p + 519. List the prime factors of o(14).
9941
Let j(o) = -o**2 + 27*o - 41. Let r(l) = l**3 - 18*l**2 - 22*l - 10. Let z be r(19). Let f be 1 - 14/6 - z/3. What are the prime factors of j(f)?
5, 17
Let v(r) = r**3 - 11*r**2 - 12*r + 65. Let j be v(14). Suppose 92*l = 87*l + j. What are the prime factors of l?
97
Let q(d) = d**2 - 3*d + 217. Let a(x) = 4*x + 4. Let w be a(-1). Let r be q(w). Let b = -97 + r. What are the prime factors of b?
2, 3, 5
Let j(k) = 37*k**2 + 17*k + 180. Let g be j(25). List the prime factors of (-4)/(-8) - (g/(-4))/7.
2, 53
Let t(o) = -o**3 - 16*o**2 - 15*o - 6. Let p be t(-15). What are the prime factors of ((-76)/p)/((-1)/(-12))?
2, 19
Let s = -3 - 9. Let g = s - -42. Let x = 8 + g. What are the prime factors of x?
2, 19
Let y be (-3)/(-1) - (-2 + 5) - -289. Let s = 626 - y. List the prime factors of s.
337
Let s(q) = q**2 + 5*q + 6. Let h be s(-2). Suppose -2*m = -0*f + f + 27